{"id":1797,"date":"2011-07-14T19:45:29","date_gmt":"2011-07-14T19:45:29","guid":{"rendered":"http:\/\/universocial.ulpgc.es\/wordpressabout\/"},"modified":"2018-08-10T15:29:41","modified_gmt":"2018-08-10T15:29:41","slug":"quienes-somos","status":"publish","type":"page","link":"https:\/\/universocial.ulpgc.es\/wordpress\/quienes-somos\/","title":{"rendered":"Qui\u00e9nes Somos"},"content":{"rendered":"<h2 style=\"text-align: left;\">El equipo<\/h2>\n<div class=\"row \">\n<div class=\"span4 \"><h5><img loading=\"lazy\" class=\"aligncenter size-full wp-image-2228\" src=\"http:\/\/universocial.ulpgc.es\/wordpresswp-content\/uploads\/2011\/07\/Maria-Teresa-Fontan-Montesinos.png\" alt=\"\" width=\"200\" height=\"200\" srcset=\"https:\/\/universocial.ulpgc.es\/wordpress\/wp-content\/uploads\/2011\/07\/Maria-Teresa-Fontan-Montesinos.png 200w, https:\/\/universocial.ulpgc.es\/wordpress\/wp-content\/uploads\/2011\/07\/Maria-Teresa-Fontan-Montesinos-150x150.png 150w\" sizes=\"(max-width: 200px) 100vw, 200px\" \/><\/h5>\n<p style=\"text-align: center;\">Teresa Font\u00e1n Montesinos, <strong>presidenta<\/strong>.<\/p>\n<p style=\"text-align: center;\">Catedr\u00e1tica en la Facultad de Ciencias de la Educaci\u00f3n de la ULPGC. Departamento de Educaci\u00f3n. Profesora en los grados de Educaci\u00f3n Primaria, Social y en el M\u00e1ster de Secundaria. Experiencia e Investigaci\u00f3n en formaci\u00f3n inicial y permanente del profesorado. Miembro de dos consejos de administraci\u00f3n de empresas mercantiles.<\/p><\/div>\n<div class=\"span4 \"><h5><img loading=\"lazy\" class=\"set-circle aligncenter wp-image-2402 size-full\" src=\"http:\/\/universocial.ulpgc.es\/wordpresswp-content\/uploads\/2018\/08\/image1-e1533912682736.jpeg\" alt=\"\" width=\"200\" height=\"200\" \/><\/h5>\n<p style=\"text-align: center;\">Fermina Suarez Delgado, <strong>vicepresidenta<\/strong>.<\/p>\n<p style=\"text-align: center;\"><\/div>\n<div class=\"span4 \"><img loading=\"lazy\" class=\"aligncenter wp-image-2299\" src=\"http:\/\/universocial.ulpgc.es\/wordpresswp-content\/uploads\/2017\/11\/Arturo-Hern\u00e1ndez-L\u00f3pez.png\" alt=\"\" width=\"200\" height=\"200\" srcset=\"https:\/\/universocial.ulpgc.es\/wordpress\/wp-content\/uploads\/2017\/11\/Arturo-Hern\u00e1ndez-L\u00f3pez.png 220w, https:\/\/universocial.ulpgc.es\/wordpress\/wp-content\/uploads\/2017\/11\/Arturo-Hern\u00e1ndez-L\u00f3pez-150x150.png 150w\" sizes=\"(max-width: 200px) 100vw, 200px\" \/><\/p>\n<p style=\"text-align: center;\">Arturo Hern\u00e1ndez L\u00f3pez, <strong>secretario<\/strong>.<\/p>\n<p style=\"text-align: center;\">Profesor en la Facultad de Ciencias Jur\u00eddicas. Departamento de An\u00e1lisis Econ\u00f3mico Aplicado. Vicedecano de Estudiantes y Pr\u00e1cticas Externas.<\/p>\n<h5 style=\"text-align: center;\"><\/h5><\/div>\n<p>&nbsp;<\/p>\n<\/div><!-- .row (end) -->\n<div class=\"row \">\n<div class=\"span4 \"><h5><img loading=\"lazy\" class=\"aligncenter wp-image-2300\" src=\"http:\/\/universocial.ulpgc.es\/wordpresswp-content\/uploads\/2017\/11\/Jos\u00e9-Luis-Galv\u00e9z-Par\u00eds.png\" alt=\"\" width=\"200\" height=\"200\" srcset=\"https:\/\/universocial.ulpgc.es\/wordpress\/wp-content\/uploads\/2017\/11\/Jos\u00e9-Luis-Galv\u00e9z-Par\u00eds.png 220w, https:\/\/universocial.ulpgc.es\/wordpress\/wp-content\/uploads\/2017\/11\/Jos\u00e9-Luis-Galv\u00e9z-Par\u00eds-150x150.png 150w\" sizes=\"(max-width: 200px) 100vw, 200px\" \/><\/h5>\n<p style=\"text-align: center;\">Jos\u00e9 Luis Galv\u00e9z Par\u00eds<strong>, tesorero<\/strong>.<\/p>\n<p style=\"text-align: center;\">Maestro\u00a0jubilado. Especialista en Pedagog\u00eda Terap\u00e9utica. Voluntario Senior.<\/p>\n<h5 style=\"text-align: center;\"><\/h5><\/div>\n<div class=\"span4 \"><h5><img loading=\"lazy\" class=\"set-circle aligncenter wp-image-2409\" src=\"http:\/\/universocial.ulpgc.es\/wordpresswp-content\/uploads\/2018\/08\/image2.jpeg\" alt=\"\" width=\"200\" height=\"200\" srcset=\"https:\/\/universocial.ulpgc.es\/wordpress\/wp-content\/uploads\/2018\/08\/image2.jpeg 512w, https:\/\/universocial.ulpgc.es\/wordpress\/wp-content\/uploads\/2018\/08\/image2-150x150.jpeg 150w, https:\/\/universocial.ulpgc.es\/wordpress\/wp-content\/uploads\/2018\/08\/image2-300x300.jpeg 300w\" sizes=\"(max-width: 200px) 100vw, 200px\" \/><\/h5>\n<p style=\"text-align: center;\">Mariano Joven Agulled, <strong>vocal<\/strong>.<\/p><\/div>\n<div class=\"span4 \"><h5><img loading=\"lazy\" class=\"set-circle aligncenter wp-image-2389\" src=\"http:\/\/universocial.ulpgc.es\/wordpresswp-content\/uploads\/2018\/08\/placeholder_user.png\" alt=\"\" width=\"200\" height=\"200\" srcset=\"https:\/\/universocial.ulpgc.es\/wordpress\/wp-content\/uploads\/2018\/08\/placeholder_user.png 1024w, https:\/\/universocial.ulpgc.es\/wordpress\/wp-content\/uploads\/2018\/08\/placeholder_user-150x150.png 150w, https:\/\/universocial.ulpgc.es\/wordpress\/wp-content\/uploads\/2018\/08\/placeholder_user-300x300.png 300w, https:\/\/universocial.ulpgc.es\/wordpress\/wp-content\/uploads\/2018\/08\/placeholder_user-768x768.png 768w\" sizes=\"(max-width: 200px) 100vw, 200px\" \/><\/h5>\n<p style=\"text-align: center;\">Anabel de Andr\u00e9s Montero, <strong>vocal<\/strong>.<\/p><\/div>\n<p>&nbsp;<\/p>\n<p>&nbsp;<\/p>\n<\/div><!-- .row (end) -->\n<div class=\"row \">\n<div class=\"span4 \"><h5><img loading=\"lazy\" class=\"set-circle aligncenter wp-image-2389\" src=\"http:\/\/universocial.ulpgc.es\/wordpresswp-content\/uploads\/2018\/08\/placeholder_user.png\" alt=\"\" width=\"200\" height=\"200\" srcset=\"https:\/\/universocial.ulpgc.es\/wordpress\/wp-content\/uploads\/2018\/08\/placeholder_user.png 1024w, https:\/\/universocial.ulpgc.es\/wordpress\/wp-content\/uploads\/2018\/08\/placeholder_user-150x150.png 150w, https:\/\/universocial.ulpgc.es\/wordpress\/wp-content\/uploads\/2018\/08\/placeholder_user-300x300.png 300w, https:\/\/universocial.ulpgc.es\/wordpress\/wp-content\/uploads\/2018\/08\/placeholder_user-768x768.png 768w\" sizes=\"(max-width: 200px) 100vw, 200px\" \/><\/h5>\n<p style=\"text-align: center;\">Sergio Santana Vald\u00e9s, <strong>vocal<\/strong>.<\/p>\n<p style=\"text-align: center;\">Educador social. Colaborador en proyectos de tecnolog\u00eda social aplicados a la movilidad.<\/p><\/div>\n<div class=\"span4 \"><h5><img loading=\"lazy\" class=\"aligncenter size-full wp-image-2200\" src=\"http:\/\/universocial.ulpgc.es\/wordpresswp-content\/uploads\/2011\/07\/Gisela-Rivero-Marrero.png\" alt=\"\" width=\"200\" height=\"200\" srcset=\"https:\/\/universocial.ulpgc.es\/wordpress\/wp-content\/uploads\/2011\/07\/Gisela-Rivero-Marrero.png 200w, https:\/\/universocial.ulpgc.es\/wordpress\/wp-content\/uploads\/2011\/07\/Gisela-Rivero-Marrero-150x150.png 150w\" sizes=\"(max-width: 200px) 100vw, 200px\" \/><\/h5>\n<p style=\"text-align: center;\">Gisela Rivero Marrero, <strong>coordinadora del voluntariado<\/strong>.<\/p>\n<p style=\"text-align: center;\">Presidenta de la <em>Asociaci\u00f3n de personas con diversidad funcional de Canarias-Melody<\/em>.\u00a0Gestiona el voluntariado de estudiantes as\u00ed como el senior que participa en cada proyecto.<\/p>\n<h5><\/h5><\/div>\n<div class=\"span4 \"><h5><img loading=\"lazy\" class=\"set-circle aligncenter wp-image-2389\" src=\"http:\/\/universocial.ulpgc.es\/wordpresswp-content\/uploads\/2018\/08\/placeholder_user.png\" alt=\"\" width=\"200\" height=\"200\" srcset=\"https:\/\/universocial.ulpgc.es\/wordpress\/wp-content\/uploads\/2018\/08\/placeholder_user.png 1024w, https:\/\/universocial.ulpgc.es\/wordpress\/wp-content\/uploads\/2018\/08\/placeholder_user-150x150.png 150w, https:\/\/universocial.ulpgc.es\/wordpress\/wp-content\/uploads\/2018\/08\/placeholder_user-300x300.png 300w, https:\/\/universocial.ulpgc.es\/wordpress\/wp-content\/uploads\/2018\/08\/placeholder_user-768x768.png 768w\" sizes=\"(max-width: 200px) 100vw, 200px\" \/><\/h5>\n<p style=\"text-align: center;\">Ioannis Basdos, <strong>coordinador del \u00e1rea de tecnolog\u00eda<\/strong>.<\/p>\n<p style=\"text-align: center;\">Profesor asociado\u00a0en la Facultad de Ciencias de la Educaci\u00f3n. Departamento de Did\u00e1cticas Especiales.<\/p><\/div>\n<p>&nbsp;<\/p>\n<\/div><!-- .row (end) -->\n<div class=\"box\">\n<h3>Fines de la asociaci\u00f3n<\/h3>\n<div class=\"row \">\n<div class=\"span4 \"><div class=\"service-box \"><figure class=\"icon\"><img src=\"https:\/\/universocial.ulpgc.es\/wordpress\/wp-content\/themes\/theme48924\/images\/icon1.png\" alt=\"\" \/><\/figure><div class=\"service-box_body\"><h2 class=\"title\">a.<\/h2><div class=\"service-box_txt\"><strong>Fomentar el desarrollo<\/strong> de toda clase de proyectos de Emprendedur\u00eda Social, Fomento del Empleo, Iniciativa Social, Voluntariado, Desarrollo Comunitario, Desarrollo Econ\u00f3mico y Social, Sostenibilidad, Econom\u00eda Social Solidaria, Econom\u00eda Verde, G\u00e9nero, Salud e Higiene, Educaci\u00f3n para la Salud, Interculturalidad, Multiculturalidad, Intermediaci\u00f3n Social y Cultural, Apoyo a la Discapacidad, Cooperaci\u00f3n al Desarrollo, Formaci\u00f3n; y todos aquellos relacionados con la acci\u00f3n social destinados a la mejora de la calidad de vida de las personas y colectivos.<\/div><\/div><\/div><!-- \/Service Box --><\/div>\n<div class=\"span4 \"><div class=\"service-box \"><figure class=\"icon\"><img src=\"https:\/\/universocial.ulpgc.es\/wordpress\/wp-content\/themes\/theme48924\/images\/icon2.png\" alt=\"\" \/><\/figure><div class=\"service-box_body\"><h2 class=\"title\">m.<\/h2><div class=\"service-box_txt\"><strong>Intentar dar respuesta efectiva a las necesidades sociales de una forma m\u00e1s participativa y abierta<\/strong>, en donde la estrategia de la innovaci\u00f3n social se d\u00e9 tanto en el \u00e1mbito p\u00fablico (transparencia y buen gobierno, participaci\u00f3n y cooperaci\u00f3n en el dise\u00f1o de pol\u00edticas p\u00fablicas, transversalidad\u2026) como en la actividad empresarial que busca beneficio econ\u00f3mico sostenible  (en t\u00e9rminos sociales y medio ambientales.<\/div><\/div><\/div><!-- \/Service Box --><\/div>\n<div class=\"span4 \"><div class=\"service-box \"><figure class=\"icon\"><img src=\"https:\/\/universocial.ulpgc.es\/wordpress\/wp-content\/themes\/theme48924\/images\/icon3.png\" alt=\"\" \/><\/figure><div class=\"service-box_body\"><h2 class=\"title\">n.<\/h2><div class=\"service-box_txt\">Buscar respuestas para sentar las bases para un <strong>crecimiento inteligente, sostenible e inclusivo<\/strong>, en donde las alianzas y la cooperaci\u00f3n con agentes e instituciones locales, auton\u00f3micas, nacionales e internacionales permitan escuchar, relacionarse y liderar redes y coaliciones.<\/div><\/div><\/div><!-- \/Service Box --><\/div>\n<\/div><!-- .row (end) -->\n<\/div>\n<div class=\"row \">\n<div class=\"span7 \"><h2>Nuestra historia<\/h2>\n<h5><em>Una asociaci\u00f3n nacida en la universidad. Una asociaci\u00f3n creada por estudiantes y profesores.<\/em><\/h5>\n<p>Somos profesores y alumnos de la Universidad de Las Palmas de Gran Canaria (ULPGC), empresarios de Econom\u00eda Social de Canarias, profesionales jubilados y asociaciones: Plataforma de Personas con Movilidad y Comunicaci\u00f3n Reducida de Canarias, y Asociaci\u00f3n de Discapacitados Canarios Melody.<\/p>\n<h2><\/h2>\n<h2>De d\u00f3nde partimos:<\/h2>\n<ul>\n<li>(2009): <strong>Grupo de investigaci\u00f3n de la ULPGC<\/strong>: Trabajadores, empleo y negociaci\u00f3n colectiva.<\/li>\n<\/ul>\n<p>&nbsp;<\/p>\n<ul>\n<li>(2009): <strong>Grupo de innovaci\u00f3n educativa de la ULPGC<\/strong>: GIE_27.<\/li>\n<\/ul>\n<p>&nbsp;<\/p>\n<ul>\n<li>(2010): <strong>Grupo de cooperaci\u00f3n para el desarrollo de la ULPGC<\/strong>: Grupo de Iniciativas emprendedoras sociales (GIES).<\/li>\n<\/ul>\n<p>&nbsp;<\/p>\n<p>Los grupos tienen en com\u00fan la preocupaci\u00f3n por las desigualdades y colectivos m\u00e1s vulnerables:<\/p>\n<p>j\u00f3venes, mujeres, desempleados, personas sin hogar, con alg\u00fan tipo de adicci\u00f3n, reclusos y excarcelados, con alg\u00fan tipo de diversidad funcional, inmigrantes, mundo rural..., y en definitiva, todos aquellos que se encuentren en situaci\u00f3n de exclusi\u00f3n social o en riesgo de padecerla, y por ello, con menos oportunidades de acceso a la formaci\u00f3n, al empleo, y a la adquisici\u00f3n de bienes b\u00e1sicos para la vida.<\/p>\n<h2><\/h2>\n<h2>Misi\u00f3n<\/h2>\n<p>Trabajamos para dar a conocer a la comunidad universitaria y a la sociedad otras modalidades de emprendeduria y empleo desde la solidaridad que favorezcan el compromiso con el desarrollo local, la igualdad de oportunidades entre hombres y mujeres, la cohesi\u00f3n social, la inserci\u00f3n de personas en riesgo de exclusi\u00f3n social, la conciliaci\u00f3n de la vida familiar y laboral, y la sostenibilidad.<\/p>\n<h2><\/h2>\n<h2>Visi\u00f3n<\/h2>\n<ul>\n<li><strong>Impulsar<\/strong> en la comunidad universitaria el voluntariado como germen de emprendeduria e innovaci\u00f3n social.<\/li>\n<\/ul>\n<p>&nbsp;<\/p>\n<ul>\n<li><strong>Promover<\/strong> la participaci\u00f3n de la comunidad universitaria en proyectos sociales.<\/li>\n<\/ul>\n<p>&nbsp;<\/p>\n<ul>\n<li><strong>Potenciar<\/strong> la tecnolog\u00eda como recurso para favorecer la inclusi\u00f3n social.<\/li>\n<\/ul>\n<p>&nbsp;<\/p><\/div>\n<div class=\"span5 \"><h2>Nuestros Valores<\/h2>\n<div class=\"testimonials \"><div class=\"testi-item list-item-0\"><blockquote class=\"testi-item_blockquote\"><a href=\"https:\/\/universocial.ulpgc.es\/wordpress\/testimonial-view\/compromiso-con-el-entorno\/\">&nbsp; &nbsp; Nuestro compromiso con el entorno se concreta en la participaci\u00f3n en el desarrollo local sostenible y comunitario del territorio. Lo que exige la implicaci\u00f3n en redes y la cooperaci\u00f3n con<\/a><div class=\"clear\"><\/div><\/blockquote><small class=\"testi-meta\"><span class=\"user\">Valores de Universocial Canarias<\/span><\/small><\/div><div class=\"testi-item list-item-1\"><blockquote class=\"testi-item_blockquote\"><a href=\"https:\/\/universocial.ulpgc.es\/wordpress\/testimonial-view\/sin-fines-lucrativos\/\">&nbsp; &nbsp; El modelo econ\u00f3mico que practicamos y perseguimos tiene como finalidad el desarrollo integral, colectivo e individual de las personas, y como medio, la gesti\u00f3n eficiente de proyectos econ\u00f3micamente viables, sostenibles<\/a><div class=\"clear\"><\/div><\/blockquote><small class=\"testi-meta\"><span class=\"user\">Valores de Universocial Canarias<\/span><\/small><\/div><div class=\"testi-item list-item-2\"><blockquote class=\"testi-item_blockquote\"><a href=\"https:\/\/universocial.ulpgc.es\/wordpress\/testimonial-view\/cooperacion\/\">&nbsp; &nbsp; Queremos favorecer la cooperaci\u00f3n en lugar de la competencia, buscando la colaboraci\u00f3n con otras entidades y organismos p\u00fablicos y privados\u2026 &nbsp; DESDE ESTA CONCEPCI\u00d3N DE LA COOPERACI\u00d3N, UNIVERSOCIAL DEFIENDE: &nbsp;<\/a><div class=\"clear\"><\/div><\/blockquote><small class=\"testi-meta\"><span class=\"user\">Valores de Universocial Canarias<\/span><\/small><\/div><div class=\"testi-item list-item-3\"><blockquote class=\"testi-item_blockquote\"><a href=\"https:\/\/universocial.ulpgc.es\/wordpress\/testimonial-view\/ideario-3\/\">&nbsp; &nbsp; Consideramos que la actividad productiva y econ\u00f3mica est\u00e1 relacionada con la naturaleza, por ello nuestra alianza con ella. Apostamos por acciones, productos y m\u00e9todos de producci\u00f3n no perjudiciales para el<\/a><div class=\"clear\"><\/div><\/blockquote><small class=\"testi-meta\"><span class=\"user\">Valores de Universocial Canarias<\/span><\/small><\/div><div class=\"testi-item list-item-4\"><blockquote class=\"testi-item_blockquote\"><a href=\"https:\/\/universocial.ulpgc.es\/wordpress\/testimonial-view\/ideario-2\/\">&nbsp; &nbsp; Asumimos la importancia de recuperar la dimensi\u00f3n humana, social, pol\u00edtica, econ\u00f3mica y cultural del trabajo que permita el desarrollo de las capacidades de las personas, produciendo bienes y servicios, para<\/a><div class=\"clear\"><\/div><\/blockquote><small class=\"testi-meta\"><span class=\"user\">Valores de Universocial Canarias<\/span><\/small><\/div><div class=\"testi-item list-item-5\"><blockquote class=\"testi-item_blockquote\"><a href=\"https:\/\/universocial.ulpgc.es\/wordpress\/testimonial-view\/ideario-1\/\">&nbsp; &nbsp; Reconocemos\u00a0que la equidad introduce un principio \u00e9tico o de justicia en la igualdad. Es un valor que reconoce a todas las personas como sujetos de igual dignidad, y protege su<\/a><div class=\"clear\"><\/div><\/blockquote><small class=\"testi-meta\"><span class=\"user\">Valores de Universocial Canarias<\/span><\/small><\/div><\/div><\/div>\n<\/div><!-- .row (end) -->\n","protected":false},"excerpt":{"rendered":"<p>El equipo<\/p>\n","protected":false},"author":1,"featured_media":0,"parent":0,"menu_order":1,"comment_status":"closed","ping_status":"closed","template":"page-fullwidth.php","meta":{"_mi_skip_tracking":false},"_links":{"self":[{"href":"https:\/\/universocial.ulpgc.es\/wordpress\/wp-json\/wp\/v2\/pages\/1797"}],"collection":[{"href":"https:\/\/universocial.ulpgc.es\/wordpress\/wp-json\/wp\/v2\/pages"}],"about":[{"href":"https:\/\/universocial.ulpgc.es\/wordpress\/wp-json\/wp\/v2\/types\/page"}],"author":[{"embeddable":true,"href":"https:\/\/universocial.ulpgc.es\/wordpress\/wp-json\/wp\/v2\/users\/1"}],"replies":[{"embeddable":true,"href":"https:\/\/universocial.ulpgc.es\/wordpress\/wp-json\/wp\/v2\/comments?post=1797"}],"version-history":[{"count":46,"href":"https:\/\/universocial.ulpgc.es\/wordpress\/wp-json\/wp\/v2\/pages\/1797\/revisions"}],"predecessor-version":[{"id":2410,"href":"https:\/\/universocial.ulpgc.es\/wordpress\/wp-json\/wp\/v2\/pages\/1797\/revisions\/2410"}],"wp:attachment":[{"href":"https:\/\/universocial.ulpgc.es\/wordpress\/wp-json\/wp\/v2\/media?parent=1797"}],"curies":[{"name":"wp","href":"https:\/\/api.w.org\/{rel}","templated":true}]}}