{"id":203,"date":"2011-09-14T09:45:02","date_gmt":"2011-09-14T09:45:02","guid":{"rendered":"http:\/\/universocial.ulpgc.es\/wordpress"},"modified":"2017-02-03T14:00:51","modified_gmt":"2017-02-03T14:00:51","slug":"inicio","status":"publish","type":"page","link":"https:\/\/universocial.ulpgc.es\/wordpress\/","title":{"rendered":"Inicio"},"content":{"rendered":"<div class=\"row \">\n<div class=\"span12 \"><div class=\"title-box clearfix \"><h2 class=\"title-box_primary\">Proyectos<\/h2><\/div><!-- \/\/.title-box -->\n<ul class=\"posts-grid row-fluid unstyled portfolio ul-item-0\"><li class=\"span3 list-item-1\"><figure class=\"featured-thumbnail thumbnail\"><a href=\"https:\/\/universocial.ulpgc.es\/wordpress\/wp-content\/uploads\/2017\/05\/Desarrollo-de-estructuras-solidarias-desde-los-entornos-virtuales.png\" title=\"Desarrollo de estructuras solidarias desde los entornos virtuales\" rel=\"prettyPhoto-1765794383\"><img  src=\"https:\/\/universocial.ulpgc.es\/wordpress\/wp-content\/uploads\/2017\/05\/Desarrollo-de-estructuras-solidarias-desde-los-entornos-virtuales-270x285.png\" alt=\"Desarrollo de estructuras solidarias desde los entornos virtuales\" \/><span class=\"zoom-icon\"><\/span><\/a><\/figure><div class=\"clear\"><\/div><h5><a href=\"https:\/\/universocial.ulpgc.es\/wordpress\/portfolio-view\/desarrollo-de-estructuras-solidarias-desde-los-entornos-virtuales\/\" title=\"Desarrollo de estructuras solidarias desde los entornos virtuales\">Desarrollo de estructuras solidarias desde los entornos virtuales<\/a><\/h5><p class=\"excerpt\">Descripci\u00f3n general del proyecto El proyecto \"Desarrollo de estructuras solidarias en entornos virtuales\"\u00a0se centra en promover la estructura solidaria de la Asociaci\u00f3n Universocial Canarias, y difundir en la Web sus&hellip;<\/p><a href=\"https:\/\/universocial.ulpgc.es\/wordpress\/portfolio-view\/desarrollo-de-estructuras-solidarias-desde-los-entornos-virtuales\/\" class=\"btn btn-primary\" title=\"Desarrollo de estructuras solidarias desde los entornos virtuales\">leer m\u00e1s<\/a><\/li><li class=\"span3 list-item-2\"><figure class=\"featured-thumbnail thumbnail\"><a href=\"https:\/\/universocial.ulpgc.es\/wordpress\/wp-content\/uploads\/2017\/02\/Espacio-intergeracional-ulpgc.jpg\" title=\"La Universidad como Espacio Intergeneracional\" rel=\"prettyPhoto-1765794383[gallery1]\"><img src=\"https:\/\/universocial.ulpgc.es\/wordpress\/wp-content\/uploads\/2017\/02\/Espacio-intergeracional-ulpgc-270x285.jpg\" alt=\"La Universidad como Espacio Intergeneracional\" \/><span class=\"zoom-icon\"><\/span><\/a><\/figure><figure class=\"featured-thumbnail thumbnail\" style=\"display:none;\"><a href=\"https:\/\/universocial.ulpgc.es\/wordpress\/wp-content\/uploads\/2017\/02\/IMG-20170216-WA0001.jpg\" title=\"La Universidad como Espacio Intergeneracional\" rel=\"prettyPhoto-1765794383[gallery1]\"><span class=\"zoom-icon\"><\/span><\/a><\/figure><figure class=\"featured-thumbnail thumbnail\" style=\"display:none;\"><a href=\"https:\/\/universocial.ulpgc.es\/wordpress\/wp-content\/uploads\/2017\/02\/IMG-20170221-WA0010.jpg\" title=\"La Universidad como Espacio Intergeneracional\" rel=\"prettyPhoto-1765794383[gallery1]\"><span class=\"zoom-icon\"><\/span><\/a><\/figure><figure class=\"featured-thumbnail thumbnail\" style=\"display:none;\"><a href=\"https:\/\/universocial.ulpgc.es\/wordpress\/wp-content\/uploads\/2017\/02\/IMG-20170216-WA0002.jpg\" title=\"La Universidad como Espacio Intergeneracional\" rel=\"prettyPhoto-1765794383[gallery1]\"><span class=\"zoom-icon\"><\/span><\/a><\/figure><figure class=\"featured-thumbnail thumbnail\" style=\"display:none;\"><a href=\"https:\/\/universocial.ulpgc.es\/wordpress\/wp-content\/uploads\/2017\/02\/Espacio-intergeracional-ulpgc1.jpg\" title=\"La Universidad como Espacio Intergeneracional\" rel=\"prettyPhoto-1765794383[gallery1]\"><span class=\"zoom-icon\"><\/span><\/a><\/figure><div class=\"clear\"><\/div><h5><a href=\"https:\/\/universocial.ulpgc.es\/wordpress\/portfolio-view\/la-universidad-como-espacio-intergeracional\/\" title=\"La Universidad como Espacio Intergeneracional\">La Universidad como Espacio Intergeneracional<\/a><\/h5><p class=\"excerpt\">El objetivo del proyecto consiste en acercar al colectivo que est\u00e1 en riesgo de exclusi\u00f3n social al colectivo joven. Fomentar la comunicaci\u00f3n e intercambio de conocimientos entre ellos. Por un&hellip;<\/p><a href=\"https:\/\/universocial.ulpgc.es\/wordpress\/portfolio-view\/la-universidad-como-espacio-intergeracional\/\" class=\"btn btn-primary\" title=\"La Universidad como Espacio Intergeneracional\">leer m\u00e1s<\/a><\/li><\/ul><\/div>\n<\/div><!-- .row (end) -->\n","protected":false},"excerpt":{"rendered":"","protected":false},"author":1,"featured_media":0,"parent":0,"menu_order":0,"comment_status":"closed","ping_status":"closed","template":"page-home.php","meta":{"_mi_skip_tracking":false},"_links":{"self":[{"href":"https:\/\/universocial.ulpgc.es\/wordpress\/wp-json\/wp\/v2\/pages\/203"}],"collection":[{"href":"https:\/\/universocial.ulpgc.es\/wordpress\/wp-json\/wp\/v2\/pages"}],"about":[{"href":"https:\/\/universocial.ulpgc.es\/wordpress\/wp-json\/wp\/v2\/types\/page"}],"author":[{"embeddable":true,"href":"https:\/\/universocial.ulpgc.es\/wordpress\/wp-json\/wp\/v2\/users\/1"}],"replies":[{"embeddable":true,"href":"https:\/\/universocial.ulpgc.es\/wordpress\/wp-json\/wp\/v2\/comments?post=203"}],"version-history":[{"count":6,"href":"https:\/\/universocial.ulpgc.es\/wordpress\/wp-json\/wp\/v2\/pages\/203\/revisions"}],"predecessor-version":[{"id":2373,"href":"https:\/\/universocial.ulpgc.es\/wordpress\/wp-json\/wp\/v2\/pages\/203\/revisions\/2373"}],"wp:attachment":[{"href":"https:\/\/universocial.ulpgc.es\/wordpress\/wp-json\/wp\/v2\/media?parent=203"}],"curies":[{"name":"wp","href":"https:\/\/api.w.org\/{rel}","templated":true}]}}